3). Suppose 4*g - 3*c - l = -5*c, -3*g + 4*c + 58 = 0. What is the greatest common factor of g and 21?
7
Let y = -11 + 7. Let i = 4 - y. Calculate the highest common factor of i and 56.
8
Let z(k) = k**2 - 17. Let o be z(-7). Calculate the highest common factor of o and 8.
8
Let l be 0 + ((-48)/(-3))/4. Suppose -12 = 4*p, -5*f + 2 = -l*f + 2*p. Calculate the greatest common divisor of f and 56.
8
Suppose 5 = -0*a - a. Let h(y) = 8*y + 1. Let m(k) = -9*k - 2. Let t(w) = 2*h(w) + 3*m(w). Let i be t(a). What is the highest common divisor of 34 and i?
17
Suppose q + 2*q - 24 = 0. Suppose 31 = 5*k + d, q = 3*k + d - 11. Calculate the highest common divisor of 4 and k.
2
Let r = -371 - -201. Let j = -90 - r. Suppose -4*k + 0*k = -40. Calculate the greatest common factor of j and k.
10
Let o = -24 - -42. Calculate the greatest common divisor of o and 18.
18
Let b = 32 - 20. Calculate the highest common factor of b and 48.
12
Let w = -21 - -29. Calculate the highest common factor of w and 72.
8
Let g = 192 - 38. What is the highest common factor of g and 22?
22
Let s(t) = -9*t + 6. Let d be s(-4). What is the highest common factor of d and 28?
14
Let k be (-4)/(-6) + 302/6. Suppose -k = -p + 26. What is the greatest common divisor of 11 and p?
11
Let v(h) = h**2 + 6*h + 7. Let t be v(-5). Suppose -m + 2*m = t*w - 33, 0 = 3*m + 3. Calculate the greatest common factor of 4 and w.
4
Suppose -16 = -0*f - 4*f. Suppose 3*k = f*p - 141, 4*p + 7 = -4*k + 155. Let i = 19 + -1. Calculate the highest common divisor of i and p.
18
Suppose -6*a + 90 = -36. Calculate the highest common factor of a and 6.
3
Let r(x) = x + 7. Let c be r(-5). Let k(i) = 7*i**2 - 2*i + 2. Let y be k(c). What is the highest common divisor of 65 and y?
13
Let y = -38 - -76. Suppose 0*x - y = -x. Calculate the greatest common divisor of 57 and x.
19
Suppose 0 = -4*p - 7 + 3. Let x = -1 - p. Suppose -3*o + 86 + 56 = w, 4*o + 5*w - 182 = x. What is the greatest common divisor of 6 and o?
6
Let u be (-30)/(-1)*(-8)/12. Let a be 5/(u/8)*-1. Calculate the highest common factor of a and 2.
2
Let v(y) = -y**2 - 6*y - 6. Let u be v(-6). Let j be (-87)/u + 1/(-2). Suppose 3*c + 2*c = 210. Calculate the highest common divisor of c and j.
14
Suppose 0*i = -2*i + 24. What is the greatest common divisor of i and 6?
6
Suppose -2*t = -0*t - 6. Suppose -14 + 128 = -t*c. Let d = c - -62. What is the highest common factor of 3 and d?
3
Let p(q) = q**2 + 7*q - 6. Let k be p(-8). Suppose -y - k*w + 14 = -0, 4*w + 52 = 2*y. Calculate the highest common divisor of y and 4.
4
Let k be (-319)/(-11) + 3 + 0/(-1). What is the highest common divisor of k and 224?
32
Let v(l) = 5*l**2 - 3*l. Let y be v(3). Let s be (-2)/8 - 49/(-4). Calculate the greatest common divisor of y and s.
12
Let q = 32 + -20. Let n = -13 - -121. Calculate the greatest common divisor of q and n.
12
Let p be 0 - ((-6)/(-2) - 98). Calculate the greatest common factor of p and 38.
19
Suppose -3*y = -9 - 6. Suppose -5*r - 2*q + 36 = -10, 2*r = 3*q + 26. Calculate the highest common divisor of y and r.
5
Let z be (4/3)/((-3)/(-90)). Suppose -2*l - l + 48 = 0. Let k = l - 0. What is the highest common divisor of k and z?
8
Suppose -4*a + 3*a + 84 = 4*j, 2*a - 144 = -2*j. Calculate the greatest common divisor of 34 and a.
34
Let k(j) be the third derivative of -j**6/120 - 7*j**5/60 - 3*j**4/8 - j**3 + 7*j**2. Let d be k(-6). Calculate the highest common divisor of 30 and d.
6
Let n(j) = -22*j. Let l be 2/(-5) - 48/30. Let x = -3 - l. Let y be n(x). Calculate the highest common factor of 11 and y.
11
Let h be -1 + 0 + 0 - 68/(-17). Let t = -12 + 21. Calculate the highest common factor of t and h.
3
Let m = -7 - -18. Let b = -60 + 156. Suppose 0 = 3*y - 459 + b. Calculate the greatest common divisor of m and y.
11
Suppose -c + 4 + 1 = 0. Suppose 24 = -c*d + d. Let g be (156/(-16))/(d/16). What is the greatest common divisor of 65 and g?
13
Let w = -135 + 157. What is the greatest common divisor of 11 and w?
11
Let l be 0 - (3 + -5)/2. Suppose 19 = 4*s - l. What is the greatest common divisor of s and 35?
5
Let c(o) = -o**2 + 13*o - 14. Let y be c(11). What is the greatest common divisor of 1 and y?
1
Let n be 1/(-4) - 258/(-8). Suppose -u = 2*b - 2*u + 15, 0 = -3*b - 3*u - 9. Let d(c) = -2*c - 4. Let v be d(b). What is the greatest common divisor of v and n?
8
Let x(q) = -5*q - 2. Let v be x(-6). Calculate the greatest common divisor of v and 252.
28
Suppose 4*d + 94 = 10. Let v = 39 + d. What is the greatest common divisor of v and 2?
2
Let i be 1/(4/(-5) + 1). Let s = 80 - 191. Let h = s + 156. Calculate the greatest common divisor of i and h.
5
Suppose 276 = -i + 5*i + 3*g, -2*g = i - 64. What is the greatest common divisor of i and 8?
8
Suppose 3*n - 3 = 2*n. Suppose -4*h - 16 = -8*h. Let p = -1 + h. What is the greatest common divisor of n and p?
3
Let k = 33 + -24. What is the greatest common divisor of k and 27?
9
Suppose -2*z - 388 = -4*z. Suppose -z = -5*m + 136. Calculate the highest common divisor of 6 and m.
6
Let k be -6*(0/4 + -1). Let h(u) = -3*u + 1. Let v be h(-1). Calculate the greatest common divisor of k and v.
2
Let c(t) = -t**3 - 6*t**2 + 14*t + 11. Let f be c(-11). Calculate the highest common divisor of f and 42.
42
Suppose 0 = 6*s - 3*s - 51. Suppose -3*w + 2*z = z + 29, -5*z = 3*w + s. Let i = w - -11. What is the greatest common factor of 2 and i?
2
Let z(i) = i**2 + 2*i + 8. Let y be z(-4). Calculate the greatest common factor of 128 and y.
16
Suppose 60 = 4*u + 4*p, 0 - 15 = -3*p. Calculate the greatest common divisor of u and 40.
10
Let g be (10/(-4) - 2)*-6. What is the greatest common factor of g and 3?
3
Let k be 2974/22 - (-12)/(-66). Calculate the highest common factor of k and 15.
15
Let t = -19 - -107. What is the greatest common factor of 22 and t?
22
Let m = -13 + 61. Suppose -4*w = k + 16, 0*k + w = -3*k - m. Let h = 26 + k. What is the highest common factor of h and 10?
10
Suppose -k = 3*k + 28. Let r(a) = -2*a + 1. Let b be r(k). Calculate the highest common factor of 165 and b.
15
Suppose -3*w = 7*w - 210. Calculate the greatest common factor of w and 3.
3
Suppose 0 = -5*l + 240 - 825. Let d = l + 38. Let h = d + 223. Calculate the greatest common factor of 16 and h.
16
Let l = 47 + -22. Calculate the highest common divisor of l and 10.
5
Let o be ((-66)/18)/(1/(-9)). Suppose h - 3*a = -a + 9, -5*h - a = -23. Let x be h/15 + (-32)/(-3). What is the highest common divisor of x and o?
11
Suppose 13*q = 3*q + 460. Calculate the greatest common factor of q and 506.
46
Let s(l) = -4*l**2 + 7. Let b be s(0). What is the greatest common divisor of b and 91?
7
Let p(r) = -4*r**3 + r**2 + 2. Let k be p(2). Let l = -13 - k. Let i = -7 + l. What is the greatest common divisor of i and 15?
3
Suppose -13 = w - 33. Let s = 477 - 293. Suppose -3*p - 220 = -4*b + 2*p, s = 4*b + 4*p. What is the greatest common factor of b and w?
10
Let x(o) = o**3 + 6*o**2 + 4*o - 2. Let q be x(-5). Suppose -4*l = -h + 5, l - 4 = -5. What is the highest common factor of q and h?
1
Let q = 12 + -8. Let p(d) = d**3 - 4*d**2 - 9*d + 4. Let i be p(6). Let m be (-4)/(-6) - i/(-3). Calculate the greatest common factor of q and m.
4
Suppose 0 = 5*x + 2 + 3. Let q be (x*15)/((-12)/8). Let k(n) = 7*n**3 - n**2 - n. Let a be k(2). Calculate the highest common divisor of a and q.
10
Let d = 14 - 20. Let b = d + 24. Calculate the greatest common divisor of b and 45.
9
Let b = -21 + 33. Calculate the greatest common factor of 30 and b.
6
Let p(a) = -a**3 - 3*a**2 - 4*a. Let n be p(-4). Suppose 2*c - 4 = n. What is the highest common divisor of c and 3?
3
Suppose 0*g + 4*g - 176 = 0. Let q(c) = c**3 - c**2 - 6*c + 3. Let p be q(4). Let n = p + -16. Calculate the highest common factor of n and g.
11
Let j be 3 + (-2 - (-1 + -1)). Suppose -16 = -2*w + j*p + 11, 3*w = -2*p + 34. Let a be (-6)/((-3*1)/w). Calculate the greatest common factor of 60 and a.
12
Suppose -4*o + 24 - 4 = 0. Suppose 3*p - p = 10. What is the greatest common divisor of p and o?
5
Let s(a) = a**3 - a**2 + a + 17. Let n(v) = v + 4. Let w be n(-4). Let h be s(w). What is the greatest common divisor of 17 and h?
17
Let j = -2 + 9. Let x(b) = -4 + 2*b + 3 - j. Let f be x(6). What is